{"id":17,"date":"2024-05-22T20:07:02","date_gmt":"2024-05-22T20:07:02","guid":{"rendered":"https:\/\/bgcarballeira.com\/?page_id=17"},"modified":"2024-05-22T20:07:02","modified_gmt":"2024-05-22T20:07:02","slug":"director","status":"publish","type":"page","link":"https:\/\/bgcarballeira.com\/index.php\/director\/","title":{"rendered":"DIRECTOR"},"content":{"rendered":"<p>Carlos Gonz\u00e1lez P\u00e9rez estudia m\u00fasica en los conservatorios de Ourense, Vigo y Madrid, asistiendo a seminarios, congresos y conferencias dentro y fuera de Espa\u00f1a. Se forma en percusi\u00f3n, piano, lenguaje musical, armon\u00eda, historia y est\u00e9tica de la m\u00fasica, formas musicales y canto coral. Se especializa como bater\u00eda profesional, ejerciendo en escenarios hasta el a\u00f1o 1986.<\/p>\n<p>Destaca como autor de tratados y m\u00e9todos did\u00e1cticos, transcriptor, arreglista, traductor de numerosos libros para distintos instrumentos, recopilador de partituras, audiciones y v\u00eddeos musicales, puesta a punto y afinaci\u00f3n de instrumentos de percusi\u00f3n especializ\u00e1ndose en equipos para bandas de gaitas, con las que colabora.<\/p>\n<p>A partir del a\u00f1o 1987 asume la direcci\u00f3n de la Banda de Gaitas \u00abA Carballeira\u00bb de Ourense, \u00abAugas de Xuntanza\u00bb de Os Peares y Concello de Allariz. En el a\u00f1o 1990 pasa a formar parte del claustro de profesores como Mestre Percusionista de la Escola de Gaitas e percusionistas da Real Banda de Gaitas de la Excelent\u00edsima Deputaci\u00f3n Provincial de Ourense.<\/p>\n<p>A lo largo de su trayectoria en el mundo de las bandas de gaitas, con las que ha conseguido numerosos premios en campeonatos, cert\u00e1menes etc. recibe el elogio de importantes figuras de referencia a nivel mundial como Jim Collins, Jim Kilpatrick, Allan Chatto etc.<\/p>\n","protected":false},"excerpt":{"rendered":"<p>Carlos Gonz\u00e1lez P\u00e9rez estudia m\u00fasica en los conservatorios de Ourense, Vigo y Madrid, asistiendo a seminarios, congresos y conferencias dentro y fuera de Espa\u00f1a. Se forma en percusi\u00f3n, piano, lenguaje musical, armon\u00eda, historia y est\u00e9tica de la m\u00fasica, formas musicales y canto coral. Se especializa como bater\u00eda profesional, ejerciendo en escenarios hasta el a\u00f1o 1986. [&hellip;]<\/p>\n","protected":false},"author":1,"featured_media":0,"parent":0,"menu_order":0,"comment_status":"closed","ping_status":"closed","template":"","meta":{"footnotes":""},"class_list":["post-17","page","type-page","status-publish","hentry"],"yoast_head":"<!-- This site is optimized with the Yoast SEO plugin v22.7 - https:\/\/yoast.com\/wordpress\/plugins\/seo\/ -->\n<title>DIRECTOR - Banda de gaitas A Carballeira<\/title>\n<meta name=\"robots\" content=\"index, follow, max-snippet:-1, max-image-preview:large, max-video-preview:-1\" \/>\n<link rel=\"canonical\" href=\"https:\/\/bgcarballeira.com\/index.php\/director\/\" \/>\n<meta property=\"og:locale\" content=\"es_ES\" \/>\n<meta property=\"og:type\" content=\"article\" \/>\n<meta property=\"og:title\" content=\"DIRECTOR - Banda de gaitas A Carballeira\" \/>\n<meta property=\"og:description\" content=\"Carlos Gonz\u00e1lez P\u00e9rez estudia m\u00fasica en los conservatorios de Ourense, Vigo y Madrid, asistiendo a seminarios, congresos y conferencias dentro y fuera de Espa\u00f1a. Se forma en percusi\u00f3n, piano, lenguaje musical, armon\u00eda, historia y est\u00e9tica de la m\u00fasica, formas musicales y canto coral. Se especializa como bater\u00eda profesional, ejerciendo en escenarios hasta el a\u00f1o 1986. [&hellip;]\" \/>\n<meta property=\"og:url\" content=\"https:\/\/bgcarballeira.com\/index.php\/director\/\" \/>\n<meta property=\"og:site_name\" content=\"Banda de gaitas A Carballeira\" \/>\n<meta name=\"twitter:card\" content=\"summary_large_image\" \/>\n<meta name=\"twitter:label1\" content=\"Tiempo de lectura\" \/>\n\t<meta name=\"twitter:data1\" content=\"1 minuto\" \/>\n<script type=\"application\/ld+json\" class=\"yoast-schema-graph\">{\"@context\":\"https:\/\/schema.org\",\"@graph\":[{\"@type\":\"WebPage\",\"@id\":\"https:\/\/bgcarballeira.com\/index.php\/director\/\",\"url\":\"https:\/\/bgcarballeira.com\/index.php\/director\/\",\"name\":\"DIRECTOR - Banda de gaitas A Carballeira\",\"isPartOf\":{\"@id\":\"https:\/\/bgcarballeira.com\/#website\"},\"datePublished\":\"2024-05-22T20:07:02+00:00\",\"dateModified\":\"2024-05-22T20:07:02+00:00\",\"breadcrumb\":{\"@id\":\"https:\/\/bgcarballeira.com\/index.php\/director\/#breadcrumb\"},\"inLanguage\":\"es\",\"potentialAction\":[{\"@type\":\"ReadAction\",\"target\":[\"https:\/\/bgcarballeira.com\/index.php\/director\/\"]}]},{\"@type\":\"BreadcrumbList\",\"@id\":\"https:\/\/bgcarballeira.com\/index.php\/director\/#breadcrumb\",\"itemListElement\":[{\"@type\":\"ListItem\",\"position\":1,\"name\":\"Portada\",\"item\":\"https:\/\/bgcarballeira.com\/\"},{\"@type\":\"ListItem\",\"position\":2,\"name\":\"DIRECTOR\"}]},{\"@type\":\"WebSite\",\"@id\":\"https:\/\/bgcarballeira.com\/#website\",\"url\":\"https:\/\/bgcarballeira.com\/\",\"name\":\"Banda de gaitas A Carballeira\",\"description\":\"Banda de gaitas y percusi\u00f3n de Ourense\",\"publisher\":{\"@id\":\"https:\/\/bgcarballeira.com\/#organization\"},\"potentialAction\":[{\"@type\":\"SearchAction\",\"target\":{\"@type\":\"EntryPoint\",\"urlTemplate\":\"https:\/\/bgcarballeira.com\/?s={search_term_string}\"},\"query-input\":\"required name=search_term_string\"}],\"inLanguage\":\"es\"},{\"@type\":\"Organization\",\"@id\":\"https:\/\/bgcarballeira.com\/#organization\",\"name\":\"Banda de gaitas A Carballeira\",\"url\":\"https:\/\/bgcarballeira.com\/\",\"logo\":{\"@type\":\"ImageObject\",\"inLanguage\":\"es\",\"@id\":\"https:\/\/bgcarballeira.com\/#\/schema\/logo\/image\/\",\"url\":\"https:\/\/bgcarballeira.com\/wp-content\/uploads\/2024\/05\/escudo250x99_0.png\",\"contentUrl\":\"https:\/\/bgcarballeira.com\/wp-content\/uploads\/2024\/05\/escudo250x99_0.png\",\"width\":250,\"height\":99,\"caption\":\"Banda de gaitas A Carballeira\"},\"image\":{\"@id\":\"https:\/\/bgcarballeira.com\/#\/schema\/logo\/image\/\"}}]}<\/script>\n<!-- \/ Yoast SEO plugin. -->","yoast_head_json":{"title":"DIRECTOR - Banda de gaitas A Carballeira","robots":{"index":"index","follow":"follow","max-snippet":"max-snippet:-1","max-image-preview":"max-image-preview:large","max-video-preview":"max-video-preview:-1"},"canonical":"https:\/\/bgcarballeira.com\/index.php\/director\/","og_locale":"es_ES","og_type":"article","og_title":"DIRECTOR - Banda de gaitas A Carballeira","og_description":"Carlos Gonz\u00e1lez P\u00e9rez estudia m\u00fasica en los conservatorios de Ourense, Vigo y Madrid, asistiendo a seminarios, congresos y conferencias dentro y fuera de Espa\u00f1a. Se forma en percusi\u00f3n, piano, lenguaje musical, armon\u00eda, historia y est\u00e9tica de la m\u00fasica, formas musicales y canto coral. Se especializa como bater\u00eda profesional, ejerciendo en escenarios hasta el a\u00f1o 1986. [&hellip;]","og_url":"https:\/\/bgcarballeira.com\/index.php\/director\/","og_site_name":"Banda de gaitas A Carballeira","twitter_card":"summary_large_image","twitter_misc":{"Tiempo de lectura":"1 minuto"},"schema":{"@context":"https:\/\/schema.org","@graph":[{"@type":"WebPage","@id":"https:\/\/bgcarballeira.com\/index.php\/director\/","url":"https:\/\/bgcarballeira.com\/index.php\/director\/","name":"DIRECTOR - Banda de gaitas A Carballeira","isPartOf":{"@id":"https:\/\/bgcarballeira.com\/#website"},"datePublished":"2024-05-22T20:07:02+00:00","dateModified":"2024-05-22T20:07:02+00:00","breadcrumb":{"@id":"https:\/\/bgcarballeira.com\/index.php\/director\/#breadcrumb"},"inLanguage":"es","potentialAction":[{"@type":"ReadAction","target":["https:\/\/bgcarballeira.com\/index.php\/director\/"]}]},{"@type":"BreadcrumbList","@id":"https:\/\/bgcarballeira.com\/index.php\/director\/#breadcrumb","itemListElement":[{"@type":"ListItem","position":1,"name":"Portada","item":"https:\/\/bgcarballeira.com\/"},{"@type":"ListItem","position":2,"name":"DIRECTOR"}]},{"@type":"WebSite","@id":"https:\/\/bgcarballeira.com\/#website","url":"https:\/\/bgcarballeira.com\/","name":"Banda de gaitas A Carballeira","description":"Banda de gaitas y percusi\u00f3n de Ourense","publisher":{"@id":"https:\/\/bgcarballeira.com\/#organization"},"potentialAction":[{"@type":"SearchAction","target":{"@type":"EntryPoint","urlTemplate":"https:\/\/bgcarballeira.com\/?s={search_term_string}"},"query-input":"required name=search_term_string"}],"inLanguage":"es"},{"@type":"Organization","@id":"https:\/\/bgcarballeira.com\/#organization","name":"Banda de gaitas A Carballeira","url":"https:\/\/bgcarballeira.com\/","logo":{"@type":"ImageObject","inLanguage":"es","@id":"https:\/\/bgcarballeira.com\/#\/schema\/logo\/image\/","url":"https:\/\/bgcarballeira.com\/wp-content\/uploads\/2024\/05\/escudo250x99_0.png","contentUrl":"https:\/\/bgcarballeira.com\/wp-content\/uploads\/2024\/05\/escudo250x99_0.png","width":250,"height":99,"caption":"Banda de gaitas A Carballeira"},"image":{"@id":"https:\/\/bgcarballeira.com\/#\/schema\/logo\/image\/"}}]}},"_links":{"self":[{"href":"https:\/\/bgcarballeira.com\/index.php\/wp-json\/wp\/v2\/pages\/17","targetHints":{"allow":["GET"]}}],"collection":[{"href":"https:\/\/bgcarballeira.com\/index.php\/wp-json\/wp\/v2\/pages"}],"about":[{"href":"https:\/\/bgcarballeira.com\/index.php\/wp-json\/wp\/v2\/types\/page"}],"author":[{"embeddable":true,"href":"https:\/\/bgcarballeira.com\/index.php\/wp-json\/wp\/v2\/users\/1"}],"replies":[{"embeddable":true,"href":"https:\/\/bgcarballeira.com\/index.php\/wp-json\/wp\/v2\/comments?post=17"}],"version-history":[{"count":1,"href":"https:\/\/bgcarballeira.com\/index.php\/wp-json\/wp\/v2\/pages\/17\/revisions"}],"predecessor-version":[{"id":18,"href":"https:\/\/bgcarballeira.com\/index.php\/wp-json\/wp\/v2\/pages\/17\/revisions\/18"}],"wp:attachment":[{"href":"https:\/\/bgcarballeira.com\/index.php\/wp-json\/wp\/v2\/media?parent=17"}],"curies":[{"name":"wp","href":"https:\/\/api.w.org\/{rel}","templated":true}]}}